vided by 2924.
365
Calculate the remainder when 3902810 is divided by 45381.
44
What is the remainder when 651300 is divided by 11?
1
Calculate the remainder when 8749 is divided by 2150.
149
What is the remainder when 1819205 is divided by 156?
89
What is the remainder when 31794 is divided by 3672?
2418
Calculate the remainder when 7571086 is divided by 5044.
42
What is the remainder when 290889 is divided by 165?
159
Calculate the remainder when 286588173 is divided by 2298.
2295
What is the remainder when 400059 is divided by 28574?
23
What is the remainder when 1603848 is divided by 2175?
873
What is the remainder when 44785 is divided by 843?
106
What is the remainder when 988239 is divided by 988042?
197
Calculate the remainder when 2961796 is divided by 110.
46
Calculate the remainder when 583554 is divided by 9262.
48
Calculate the remainder when 486933 is divided by 3801.
405
Calculate the remainder when 14147 is divided by 3105.
1727
What is the remainder when 33734813 is divided by 2742?
2729
What is the remainder when 28680 is divided by 495?
465
Calculate the remainder when 382664 is divided by 16618.
450
What is the remainder when 273644 is divided by 1347?
203
What is the remainder when 358841 is divided by 8516?
1169
Calculate the remainder when 134632 is divided by 6730.
32
What is the remainder when 9409 is divided by 1378?
1141
Calculate the remainder when 451675 is divided by 957.
928
Calculate the remainder when 7363570 is divided by 76.
6
What is the remainder when 6152082 is divided by 144?
114
Calculate the remainder when 3989083 is divided by 729.
724
What is the remainder when 188478 is divided by 355?
328
Calculate the remainder when 15436 is divided by 2697.
1951
What is the remainder when 79654 is divided by 39773?
108
What is the remainder when 2901647 is divided by 680?
87
What is the remainder when 80820 is divided by 437?
412
What is the remainder when 540268819 is divided by 710?
709
Calculate the remainder when 278578 is divided by 257.
247
Calculate the remainder when 4200836 is divided by 806.
770
Calculate the remainder when 1871959 is divided by 487.
418
Calculate the remainder when 97639 is divided by 16218.
331
What is the remainder when 48113 is divided by 11671?
1429
Calculate the remainder when 30605040 is divided by 2753.
2692
Calculate the remainder when 68749996 is divided by 2081.
2080
What is the remainder when 17998 is divided by 5940?
178
Calculate the remainder when 82528 is divided by 8249.
38
What is the remainder when 9905788 is divided by 300172?
112
What is the remainder when 3511267 is divided by 365?
332
Calculate the remainder when 56280898 is divided by 50.
48
What is the remainder when 70515 is divided by 4703?
4673
What is the remainder when 31429 is divided by 30905?
524
What is the remainder when 8798737 is divided by 724?
689
Calculate the remainder when 1611814 is divided by 537144.
382
What is the remainder when 120555107 is divided by 8799?
8
What is the remainder when 41386603 is divided by 4?
3
Calculate the remainder when 2705803 is divided by 1352579.
645
What is the remainder when 3458812 is divided by 89?
5
Calculate the remainder when 1050258 is divided by 29.
23
Calculate the remainder when 144109150 is divided by 317.
316
What is the remainder when 2260665 is divided by 1130325?
15
Calculate the remainder when 804475 is divided by 402049.
377
Calculate the remainder when 250753 is divided by 1627.
195
Calculate the remainder when 84401 is divided by 84037.
364
Calculate the remainder when 89823 is divided by 17916.
243
Calculate the remainder when 150531 is divided by 21393.
780
What is the remainder when 559209 is divided by 10751?
157
What is the remainder when 10563850 is divided by 277996?
2
Calculate the remainder when 527202 is divided by 581.
235
What is the remainder when 574252 is divided by 589?
566
What is the remainder when 11822 is divided by 1321?
1254
What is the remainder when 39598242 is divided by 44?
2
Calculate the remainder when 13344935 is divided by 1603.
1563
What is the remainder when 404314 is divided by 354?
46
Calculate the remainder when 6518396 is divided by 97.
93
What is the remainder when 2003883 is divided by 939?
57
What is the remainder when 1072012 is divided by 2680?
12
Calculate the remainder when 34506 is divided by 8295.
1326
Calculate the remainder when 3585484 is divided by 1259.
1111
Calculate the remainder when 23178224 is divided by 901.
900
What is the remainder when 3281573 is divided by 10097?
48
Calculate the remainder when 10181 is divided by 1096.
317
What is the remainder when 2935906 is divided by 15?
1
Calculate the remainder when 22720076 is divided by 120.
116
Calculate the remainder when 124977 is divided by 124646.
331
What is the remainder when 193624 is divided by 32260?
64
Calculate the remainder when 9679 is divided by 2127.
1171
Calculate the remainder when 5414 is divided by 2267.
880
What is the remainder when 875745 is divided by 125105?
10
Calculate the remainder when 153807713 is divided by 555.
8
Calculate the remainder when 8131610 is divided by 406580.
10
What is the remainder when 4391022 is divided by 40?
22
Calculate the remainder when 8376678 is divided by 19.
15
What is the remainder when 78600 is divided by 12371?
4374
Calculate the remainder when 132108465 is divided by 18872637.
6
Calculate the remainder when 18132376 is divided by 238583.
68
What is the remainder when 12626 is divided by 5799?
1028
Calculate the remainder when 9162 is divided by 1910.
1522
Calculate the remainder when 21583767 is divided by 2398195.
12
Calculate the remainder when 3094001 is divided by 411.
404
Calculate the remainder when 162075 is divided by 178.
95
Calculate the remainder when 152598 is divided by 21797.
19
Calculate the remainder when 29857794 is divided by 156.
18
What is the remainder when 414512 is divided by 15347?
143
Calculate the remainder when 60658934 is divided by 620.
614
Calculate the remainder when 282716254 is divided by 321.
319
Calculate the remainder when 551218 is divided by 551213.
5
What is the remainder when 26022 is divided by 11121?
3780
What is the remainder when 439379 is divided by 612?
575
What is the remainder when 529454 is divided by 821?
730
What is the remainder when 15921144 is divided by 23?
15
What is the remainder when 1399720 is divided by 9998?
0
Calculate the remainder when 105028 is divided by 5513.
281
Calculate the remainder when 8103580 is divided by 6.
4
What is the remainder when 485009 is divided by 182?
161
Calculate the remainder when 1252549 is divided by 416772.
2233
Calculate the remainder when 6286953 is divided by 116422.
165
What is the remainder when 4603998 is divided by 1298?
1290
Calculate the remainder when 39038 is divided by 7275.
2663
Calculate the remainder when 5685 is divided by 3040.
2645
Calculate the remainder when 56413213 is divided by 16.
13
Calculate the remainder when 40962 is divided by 353.
14
Calculate the remainder when 58583722 is divided by 10873.
10871
What is the remainder when 25517143 is divided by 94?
91
Calculate the remainder when 259380 is divided by 58.
4
Calculate the remainder when 55238355 is divided by 13809586.
11
What is the remainder when 896637 is divided by 6522?
3123
What is the remainder when 50651 is divided by 10107?
116
What is the remainder when 899754 is divided by 2662?
2660
What is the remainder when 159227 is divided by 53041?
104
What is the remainder when 1140727 is divided by 276?
19
What is the remainder when 587908 is divided by 2126?
1132
What is the remainder when 95860253 is divided by 422?
421
Calculate the remainder when 9450 is divided by 639.
504
Calculate the remainder when 58496811 is divided by 1849.
1847
What is the remainder when 7252180 is divided by 1450207?
1145
What is the remainder when 4241556 is divided by 147?
18
Calculate the remainder when 19759 is divided by 3001.
1753
Calculate the remainder when 5984313 is divided by 3649.
3602
Calculate the remainder when 1868099 is divided by 9531.
23
Calculate the remainder when 87622 is divided by 21658.
990
What is the remainder when 139219 is divided by 348?
19
Calculate the remainder when 1079077 is divided by 121.
120
